+ 2*p + 4. Calculate q(-3).
-20
Let n(m) = m**2 - m + 2. Determine n(3).
8
Let g(p) = p**3 + 9*p**2 + 8*p + 5. Determine g(-8).
5
Let q(o) = -12*o + 473. Calculate q(40).
-7
Let x(s) = 6*s - 77. What is x(14)?
7
Let l(r) = -r**2 - 2*r + 3. What is l(1)?
0
Let z(m) = -m**2 + 9*m - 3. Calculate z(4).
17
Let t(k) = -29*k**2 - k - 1. Give t(-1).
-29
Let v(z) = -z**2 + z - 1. Calculate v(0).
-1
Let n(k) = -k**2 + 10*k - 1. Give n(4).
23
Let u(t) = 3*t**2 - 23*t + 13. Calculate u(6).
-17
Let b(x) = 3*x**2 - 28*x + 110. What is b(5)?
45
Let l(b) = -b**3 + 15*b**2 - 15*b + 13. Calculate l(14).
-1
Let h(l) = l**3 + 3*l**2 - l - 4. What is h(-3)?
-1
Let w(a) = a**3 - 9*a**2 - 10*a + 20. Calculate w(11).
152
Let x(q) = -q**3 - 12*q**2 + 14*q + 12. Give x(-13).
-1
Let q(o) = 6*o**3 - 55*o**2 + 8*o + 12. What is q(9)?
3
Let a(t) = t**3 - 7*t**2 + 11*t + 3. What is a(5)?
8
Let w(l) = 2*l + 42. Calculate w(-22).
-2
Let u(q) = -3*q + 1. Determine u(-2).
7
Let t(g) = 26*g + 589. Determine t(-23).
-9
Let r(v) = -v + 8. Calculate r(4).
4
Let s(t) = -2*t - 7. Give s(6).
-19
Let c(q) = q**3 + 11*q**2 - 25*q - 1. Calculate c(-13).
-14
Let y(g) = -g**3 - 3*g - 3. Determine y(0).
-3
Let a(y) = y + 5. What is a(-12)?
-7
Let r(x) = 2*x**3 + 14*x**2 + 4*x - 12. Give r(-7).
-40
Let w(f) = -f**2 - 6*f + 2. Calculate w(-4).
10
Let s(c) = c**2 + 15*c - 20. Give s(-17).
14
Let i(z) = -z**2 + 11*z + 99. What is i(17)?
-3
Let u(j) = -2*j + 32. Determine u(10).
12
Let y(u) = -22*u - 22. Give y(-1).
0
Let j(d) = -d + 32. What is j(29)?
3
Let i(j) = -j**2 - 12*j - 37. What is i(-5)?
-2
Let w(g) = 5*g + 33. Calculate w(-10).
-17
Let b(r) = r**3 - 4*r**2 - 9*r - 17. Determine b(6).
1
Let l(d) = d**2 + 12*d - 2. Calculate l(-9).
-29
Let r(k) = -k**2 + 15*k + 21. Give r(16).
5
Let m(c) = 5*c**2 + 6*c - 4. Give m(1).
7
Let l(x) = x**3 - 24*x**2 + 43*x + 54. Determine l(22).
32
Let k(z) = z**2 + 4. What is k(2)?
8
Let f(l) = -l**3 + 2*l - 22. Give f(0).
-22
Let p(t) = -t**3 + 4*t**2 + 24*t - 93. Determine p(4).
3
Let l(d) = 2*d**2 + 7*d - 9. Give l(-5).
6
Let h(y) = y - 14. Calculate h(15).
1
Let x(u) = u**2 + 2*u - 54. Give x(13).
141
Let v(u) = 16*u - 226. Determine v(14).
-2
Let n(d) = -22*d + 281. Give n(14).
-27
Let s(g) = -g - 13. Give s(-9).
-4
Let u(l) = -l + 2. What is u(5)?
-3
Let k(n) = -2*n**2. Give k(-5).
-50
Let c(j) = -j**2 - 18*j - 83. Determine c(-10).
-3
Let c(u) = u**2 + 6*u - 4. Give c(-6).
-4
Let f(u) = u**3 - 2*u**2 - u - 2. Determine f(3).
4
Let h(d) = 2*d**3 + 23*d**2 + 29*d - 5. What is h(-10)?
5
Let b(c) = c**3 - 11*c**2 + 14*c - 1. Determine b(9).
-37
Let o(w) = -10*w + 13. Give o(8).
-67
Let c(q) = q**2 - 8*q - 2. Calculate c(5).
-17
Let c(q) = -q**3 - 5*q**2 + q + 3. What is c(-5)?
-2
Let p(c) = 20*c + 29. Calculate p(-1).
9
Let h(c) = -c**2 - 10*c - 32. Give h(-5).
-7
Let c(g) = -4*g - 12. What is c(7)?
-40
Let b(k) = k**2 - 4*k + 4. What is b(6)?
16
Let h(g) = g**2 - 17*g - 59. What is h(20)?
1
Let i(q) = q**2 - 29*q - 50. Give i(31).
12
Let z(h) = -2*h**2 + 9*h - 5. Give z(4).
-1
Let z(y) = -7*y + 131. Give z(13).
40
Let w(c) = -3*c - 19. Calculate w(-9).
8
Let j(z) = -z**3 + 9*z**2 - 11*z + 30. Determine j(8).
6
Let p(i) = i**3 + 12*i**2 + 6*i - 42. Determine p(-11).
13
Let o(j) = 6*j - 20. Give o(2).
-8
Let m(k) = k + 19. Give m(-13).
6
Let c(a) = a**2 - 2*a + 4. Calculate c(5).
19
Let b(c) = c**3 + 9*c**2 - 2*c - 11. Give b(-9).
7
Let t(y) = 7*y**2 - 2*y - 14. Calculate t(-2).
18
Let o(t) = -6*t - 44. What is o(-8)?
4
Let y(z) = -2*z**2 + 12*z + 31. Determine y(11).
-79
Let z(r) = 16*r**2 - r. What is z(-1)?
17
Let y(n) = n**3 + 6*n**2 + 3*n + 2. Calculate y(-7).
-68
Let k(x) = 6*x - 32. Determine k(9).
22
Let m(c) = -2*c**3 - c - 2. Determine m(-1).
1
Let p(r) = r + 6. Give p(-7).
-1
Let h(g) = 6*g - 118. Calculate h(19).
-4
Let b(d) = d**2 - 5*d + 12. Determine b(4).
8
Let i(m) = -6*m - 34. Give i(-4).
-10
Let q(b) = b**2 - 62*b + 478. What is q(9)?
1
Let y(o) = -o - 8. Calculate y(6).
-14
Let y(t) = 3*t**2 - 15*t - 35. What is y(-2)?
7
Let l(a) = -a**2 + 21*a + 30. Give l(19).
68
Let k(r) = 10*r + 168. Calculate k(-15).
18
Let p(s) = -s**2 + 53*s - 58. Give p(52).
-6
Let a(f) = f**3 - 10*f**2 + 12*f - 2. Determine a(2).
-10
Let k(c) = -c**2 + 17*c - 5. Determine k(17).
-5
Let b(v) = -13*v**2 - 6*v + 5. Calculate b(1).
-14
Let v(h) = -10*h**2 + 2*h - 1. Give v(-2).
-45
Let f(n) = 4*n**3 + 2*n**2 + 3*n + 3. Determine f(-2).
-27
Let z(w) = -w + 13. Determine z(6).
7
Let j(a) = 2*a**2 - 5*a - 30. Give j(7).
33
Let o(d) = d**2 + 9*d + 5. Calculate o(-7).
-9
Let k(m) = 2*m**2 + 23*m + 9. Determine k(-9).
-36
Let h(c) = 2*c**2 + 18*c - 17. What is h(-10)?
3
Let n(i) = -i**2 + 8*i - 2. What is n(7)?
5
Let i(d) = -148*d**2 + 3*d - 3. Calculate i(1).
-148
Let o(q) = q**2 - 4*q - 4. Determine o(4).
-4
Let f(r) = r + 23. Determine f(-11).
12
Let y(p) = p**2 - 7*p + 5. Determine y(8).
13
Let n(y) = -3*y**2 - 18*y + 6. What is n(-5)?
21
Let p(f) = f**3 + 15*f**2 - 35*f - 26. Give p(-17).
-9
Let d(g) = 14*g + 1. Calculate d(-5).
-69
Let u(y) = -y - 9. What is u(-4)?
-5
Let n(b) = b**2 - 10*b + 1. Give n(6).
-23
Let z(s) = -s**2 - 31*s + 82. Determine z(-32).
50
Let l(h) = -h**3 - 7*h**2 + 2*h - 7. Calculate l(-8).
41
Let b(h) = -h**3 - 9*h**2 + 3*h + 137. What is b(-7)?
18
Let l(q) = 2*q + 54. What is l(-22)?
10
Let z(v) = v**2 - 10*v - 3. Give z(8).
-19
Let g(t) = t**3 + 3*t**2 + 4*t + 5. Give g(-4).
-27
Let l(k) = 2*k**3 + 8*k**2 - 2*k - 8. What is l(-4)?
0
Let y(z) = -37*z - 214. Give y(-6).
8
Let w(f) = f**2 - 26*f - 188. What is w(32)?
4
Let s(v) = -7*v**2 - 6*v + 9. Calculate s(-2).
-7
Let d(v) = -v**3 - 7*v**2 - 3*v + 10. What is d(-6)?
-8
Let r(a) = a - 4. Give r(-6).
-10
Let g(q) = -q**3 + 3*q**2 - 2*q - 4. What is g(0)?
-4
Let v(h) = h**3 - 7*h**2 + 6*h + 16. Calculate v(8).
128
Let o(a) = 5*a - 25. Calculate o(9).
20
Let q(t) = -7*t + 194. Give q(28).
-2
Let v(w) = w**2 + 3*w - 4. Calculate v(-8).
36
Let l(d) = d**3 - 7*d**2 + 3*d + 2. Give l(7).
23
Let g(b) = -b**3 - 6*b**2 + 9*b + 17. What is g(-7)?
3
Let g(c) = 6*c - 20. Calculate g(6).
16
Let h(g) = -8*g - 1. What is h(1)?
-9
Let i(l) = -l**3 + 20*l**2 - 36*l - 2. Calculate i(18).
-2
Let d(m) = m**2 - 24*m + 24. Determine d(24).
24
Let m(u) = 10*u**2 + 2*u + 1. Give m(-1).
9
Let u(n) = n**2 - 10*n + 1. Determine u(4).
-23
Let a(m) = 6*m - 1. Determine a(1).
5
Let n(m) = -3*m + 1. Give n(3).
-8
Let v(x) = 3*x**2 - 40*x + 140. Determine v(4).
28
Let h(b) = b**3 - 11*b**2 - 20*b + 103. What is h(12)?
7
Let d(t) = -4*t - 2. Determine d(1).
-6
Let b(q) = 6*q + 7. Give b(-2).
-5
Let q(f) = -3*f - 24. Give q(-12).
12
Let z(o) = -o**2 + 8*o - 17. What is z(5)?
-2
Let l(a) = -2*a - 7. Give l(3).
-13
Let h(a) = -2*a**2 - 7*a + 56. Determine h(-12).
-148
Let m(s) = -8*s**2 - 2*s - 6. What is m(-2)?
-34
Let n(r) = 10*r + 6. Calculate n(0).
6
Let i(a) = a - 28. Determine i(9).
-19
Let g(s) = 6*s - 4. Determine g(17).
98
Let j(d) = -d**3 - 5*d**2 + 16*d + 15. Calculate j(-7).
1
Let l(w) = -w**2 - 13*w - 13. Determine l(-14).
-27
Let h(s) = -9*s**2 - 71*s + 11. Give h(-8).
3
Let x(y) = 3*y + 29. What is x(-9)?
2
Let l(q) = q**2 + 11*q - 5. Give l(-6).
-35
Let r(o) = -o**2 + 2*o + 30. Calculate r(7).
-5
Let r(a) = a**3 - 7*a**2 + 5*a + 4. Calculate r(4).
-24
Let f(j) = -j**3 + 13*j**2 + 26*j + 14. Calculate f(15).
-46
Let d(w) = -w**3 + 7*w**2 + 10*w. Calculate d(8).
16
Let x(g) = 14*g + 14. Calculate x(-4).
-42
Let g(z) = z**3 - 7*z**2 + 13*z - 10. What is g(4)?
-6
Let n(y) = y**2 + 21*y + 96. Give n(-7).
-2
Let z(b) = b**2 + 7*b - 263. What is z(13)?
-3
Let v(o) = o**2 - 33. Give v(-6).
3
Let m(j) = -j**2 - 13*j - 15. What is m(-11)?
7
Let w(j) = j - 6. Determine w(-7).
-13
Let v(g) = -g**3 - 2*g**2 + 4*g + 4. Give v(-3).
1
Let c(s) = -s**3 - 10*s**2 + 11*s + 13. What is c(-11)?
13
Let i(y) = -y**2 + 6*y + 32. What is i(-6)?
-40
Let b(z) = z**3 + 14*z**2 - 26*z - 37. Calculate b(-16).
-133
Let c(i) = -i**3 + 6*i**2 - 11*i + 6. Calculate c(4).
-6
Let v(x) = -x**3 + 8*x**2 - 9*x - 2. Calculate v(7).
-16
Let k(o) = -o**3 + o**2 - 8*o + 10. Give k(4).
-70
Let j(t) = t**2 - 3*t - 33. Determine j(11).
55
Let u(j) = j - 19. Give u(-14).
-33
Let j(i) = i**3 + 7*i**2 + 2*i - 10. Give j(-6).
14
Let l(d) = -4*d - 7. W